{"id":537,"date":"2023-09-27T12:14:08","date_gmt":"2023-09-27T10:14:08","guid":{"rendered":"https:\/\/www.zahnaerztinnenbern.ch\/?page_id=537"},"modified":"2026-02-28T11:00:56","modified_gmt":"2026-02-28T09:00:56","slug":"viktoria-tomas","status":"publish","type":"page","link":"https:\/\/www.zahnaerztinnenbern.ch\/index.php\/viktoria-tomas\/","title":{"rendered":"Dr. med. dent. Viktoria Tomas \/ Praxisinhaberin"},"content":{"rendered":"<div data-colibri-id=\"537-c1\" class=\"style-546 style-local-537-c1 position-relative\">\r\n  <!---->\r\n  <div data-colibri-component=\"section\" data-colibri-id=\"537-c2\" id=\"about\" class=\"h-section h-section-global-spacing d-flex align-items-lg-center align-items-md-center align-items-center style-547 style-local-537-c2 position-relative\">\r\n    <!---->\r\n    <!---->\r\n    <div class=\"h-section-grid-container h-section-boxed-container\">\r\n      <!---->\r\n      <div data-colibri-id=\"537-c3\" class=\"h-row-container gutters-row-lg-0 gutters-row-md-0 gutters-row-0 gutters-row-v-lg-0 gutters-row-v-md-0 gutters-row-v-0 style-548 style-local-537-c3 position-relative\">\r\n        <!---->\r\n        <div class=\"h-row justify-content-lg-center justify-content-md-center justify-content-center align-items-lg-stretch align-items-md-stretch align-items-stretch gutters-col-lg-0 gutters-col-md-0 gutters-col-0 gutters-col-v-lg-0 gutters-col-v-md-0 gutters-col-v-0\">\r\n          <!---->\r\n          <div class=\"h-column h-column-container d-flex h-col-lg-auto h-col-md-auto h-col-auto style-549-outer style-local-537-c4-outer\">\r\n            <div data-colibri-id=\"537-c4\" class=\"d-flex h-flex-basis h-column__inner h-px-lg-0 h-px-md-0 h-px-0 v-inner-lg-0 v-inner-md-0 v-inner-0 style-549 style-local-537-c4 position-relative\">\r\n              <!---->\r\n              <!---->\r\n              <div class=\"w-100 h-y-container h-column__content h-column__v-align flex-basis-100 align-self-lg-start align-self-md-start align-self-start\">\r\n                <!---->\r\n                <div data-colibri-id=\"537-c5\" class=\"h-global-transition-all h-heading style-550 style-local-537-c5 position-relative h-element\">\r\n                  <!---->\r\n                  <div class=\"h-heading__outer style-550 style-local-537-c5\">\r\n                    <!---->\r\n                    <!---->\r\n                    <h5 class=\"\">Pers\u00f6nliches<\/h5>\r\n                  <\/div>\r\n                <\/div>\r\n                <div data-colibri-id=\"537-c6\" class=\"h-global-transition-all h-heading style-551 style-local-537-c6 position-relative h-element\">\r\n                  <!---->\r\n                  <div class=\"h-heading__outer style-551 style-local-537-c6\">\r\n                    <!---->\r\n                    <!---->\r\n                    <h3 class=\"\">An meinem Beruf gefallen mir insbesondere der t\u00e4gliche Kundenkontakt, das exakte Arbeiten, sowie die Verbindung von Wissenschaft, Medizin und Kunst (\u201eHandwerk auf kleinstem Raum\u201c)<\/h3>\r\n                  <\/div>\r\n                <\/div>\r\n                <div data-colibri-id=\"537-c7\" class=\"h-text h-text-component style-552 style-local-537-c7 position-relative h-element\">\r\n                  <!---->\r\n                  <!---->\r\n                  <div class=\"\">\r\n                    <p>Als Mitglied der Schweizerischen Zahn\u00e4rztegesellschaft SSO setze ich die hohen Qualit\u00e4tslinien um und erweitere stetig mein Fachwissen an den verschiedenen Fortbildungskursen.<\/p>\r\n                  <\/div>\r\n                <\/div>\r\n              <\/div>\r\n            <\/div>\r\n          <\/div>\r\n          <div class=\"h-column h-column-container d-flex h-col-lg-auto h-col-md-auto h-col-auto style-553-outer style-local-537-c8-outer\">\r\n            <div data-colibri-id=\"537-c8\" class=\"d-flex h-flex-basis h-column__inner h-px-lg-2 h-px-md-2 h-px-2 v-inner-lg-2 v-inner-md-2 v-inner-2 style-553 style-local-537-c8 position-relative\">\r\n              <!---->\r\n              <!---->\r\n              <div class=\"w-100 h-y-container h-column__content h-column__v-align flex-basis-100 align-self-lg-start align-self-md-start align-self-start\">\r\n                <!---->\r\n                <div data-colibri-id=\"537-c9\" class=\"h-text h-text-component style-554 style-local-537-c9 position-relative h-element\">\r\n                  <!---->\r\n                  <!---->\r\n                  <div class=\"\">\r\n                    <p><strong style=\"color: rgb(102, 102, 102);\">Ausbildung<\/strong>\r\n                      <br>1992 &#8211; 1998 Studium Zahnmedizin an der Universit\u00e4t Kosice (Slowakei)\r\n                      <br>1998 Staatsexamen und Erlangung der Doktorw\u00fcrde der Zahnmedizin an der Universit\u00e4t Kosice (Slowakei)\r\n                      <br>1999 &#8211; 2002 Studium Zahnmedizin an der Universit\u00e4t Bern\r\n                      <br>2002 Staatsexamen an der Universit\u00e4t Bern\r\n                      <br>2003 Erlangung der Doktorw\u00fcrde der Zahnmedizin an der Universit\u00e4t Bern bei Frau Prof. Regina Mericske-Stern\r\n                      <br>\r\n                      <br><strong style=\"color: rgb(102, 102, 102);\">Anstellungen<\/strong>\r\n                      <br>2002 &#8211; 2006 Assistentzahn\u00e4rztin Praxis Dr. med. dent. Michel Thuns, M\u00fcnsingen\r\n                      <br>2004 &#8211; 2006 Assistentzahn\u00e4rztin Praxis Dr. med. dent. Bernhard Martignoni, M\u00fcnsingen\r\n                      <br>2007 Assistentzahn\u00e4rztin Praxis Dr. med. dent. Kveta Kalna, Bern\r\n                      <br>2008 &#8211; 2009 Assistentzahn\u00e4rztin Praxis Dr. med. dent. Priska Sch\u00e4ppi,Bern\r\n                      <br>2007 &#8211; 2009 Selbst\u00e4ndige Assistenzt\u00e4tigkeit und Praxisstellvertretung Dr. med. dent. Gebhard Frei,Flamatt\r\n                      <br>2010 Weiterbildungsausweis SSO f\u00fcr Allgemeine Zahnmedizin\r\n                      <br>\r\n                      <br><strong style=\"color: rgb(102, 102, 102);\">Selbst\u00e4ndigkeit<\/strong>\r\n                      <br>Ab 1.2.2010 Selbst\u00e4ndige T\u00e4tigkeit als Zahn\u00e4rztin in Bern (\u00dcbernahme der Praxis von Dr. med. dent. Kveta Kalna)<\/p>\r\n                    <p><strong style=\"color: rgb(102, 102, 102);\">Mitgliedschaften<\/strong>\r\n                      <br>Vorstandsmitglied Zahn\u00e4rztegesellschaft des Kantons Bern (Vorstand SSO Bern)\r\n                      <br>Schweizerische Zahn\u00e4rztegesellschaft (SSO)\r\n                      <br>Studyclub Ost\r\n                      <br>\r\n                      <br><strong style=\"color: rgb(102, 102, 102);\">Sprachen<\/strong>\r\n                      <br>Deutsch, Slowakisch, Englisch, Ungarisch<\/p>\r\n                    <p>\r\n                      <br>\r\n                    <\/p>\r\n                  <\/div>\r\n                <\/div>\r\n              <\/div>\r\n            <\/div>\r\n          <\/div>\r\n        <\/div>\r\n      <\/div>\r\n    <\/div>\r\n  <\/div>\r\n<\/div>","protected":false},"excerpt":{"rendered":"<p>Pers\u00f6nliches An meinem Beruf gefallen mir insbesondere der t\u00e4gliche Kundenkontakt, das exakte Arbeiten, sowie die Verbindung von Wissenschaft, Medizin und Kunst (\u201eHandwerk auf kleinstem Raum\u201c) Als Mitglied der Schweizerischen Zahn\u00e4rztegesellschaft SSO setze ich die hohen Qualit\u00e4tslinien um und erweitere stetig mein Fachwissen an den verschiedenen Fortbildungskursen. Ausbildung 1992 &#8211; 1998 Studium Zahnmedizin an der Universit\u00e4t [&hellip;]<\/p>\n","protected":false},"author":1,"featured_media":0,"parent":0,"menu_order":0,"comment_status":"closed","ping_status":"closed","template":"page-templates\/full-width-page.php","meta":{"footnotes":""},"class_list":["post-537","page","type-page","status-publish","hentry"],"_links":{"self":[{"href":"https:\/\/www.zahnaerztinnenbern.ch\/index.php\/wp-json\/wp\/v2\/pages\/537","targetHints":{"allow":["GET"]}}],"collection":[{"href":"https:\/\/www.zahnaerztinnenbern.ch\/index.php\/wp-json\/wp\/v2\/pages"}],"about":[{"href":"https:\/\/www.zahnaerztinnenbern.ch\/index.php\/wp-json\/wp\/v2\/types\/page"}],"author":[{"embeddable":true,"href":"https:\/\/www.zahnaerztinnenbern.ch\/index.php\/wp-json\/wp\/v2\/users\/1"}],"replies":[{"embeddable":true,"href":"https:\/\/www.zahnaerztinnenbern.ch\/index.php\/wp-json\/wp\/v2\/comments?post=537"}],"version-history":[{"count":5,"href":"https:\/\/www.zahnaerztinnenbern.ch\/index.php\/wp-json\/wp\/v2\/pages\/537\/revisions"}],"predecessor-version":[{"id":622,"href":"https:\/\/www.zahnaerztinnenbern.ch\/index.php\/wp-json\/wp\/v2\/pages\/537\/revisions\/622"}],"wp:attachment":[{"href":"https:\/\/www.zahnaerztinnenbern.ch\/index.php\/wp-json\/wp\/v2\/media?parent=537"}],"curies":[{"name":"wp","href":"https:\/\/api.w.org\/{rel}","templated":true}]}}